
7
Let g = -3 + 7. Suppose -5*v + i + g*i = -235, -i = -3*v + 137. List the prime factors of v.
3, 5
Let t(x) = -x + 7. Let o be t(7). Let b be ((-57)/(o - -3))/(-1). Suppose -2 = -3*d + b. What are the prime factors of d?
7
Let i = 14 - 7. Let g(p) = -p**3 + 8*p**2 - 4*p + 4. List the prime factors of g(i).
5
Let w be (-2)/(-1) - (2 + -1). Let o = w + 1. Suppose -m - 5 = -o*m. List the prime factors of m.
5
Let y = 127 + -62. List the prime factors of y.
5, 13
Let x(i) be the second derivative of -i**4/12 - i**3/2 + 3*i**2 - i. Let q be x(-5). Let h = -1 - q. List the prime factors of h.
3
Let j = 14 - 4. Let d(a) = -a**2 + 12*a - 12. List the prime factors of d(j).
2
Let q(k) = -k + 12. What are the prime factors of q(-10)?
2, 11
Let h(y) = -12*y - 14. List the prime factors of h(-5).
2, 23
Suppose -5*w = -2*g - 10, 3*w + 44 = -4*g + w. Let c(p) = -p - 7. What are the prime factors of c(g)?
3
Let x = 4 - 10. Let g be 0/2 - (x + 2). Suppose g*j = 27 + 5. What are the prime factors of j?
2
Suppose -5*n = -4*v - 392, -4*n + 355 = 2*v + 31. List the prime factors of n.
2, 5
Suppose -3*c - 207 = -m, 4*m + 2*c + 1087 = 9*m. What are the prime factors of m?
3, 73
Let p(z) = 2*z**2 - 2*z - 12. List the prime factors of p(6).
2, 3
Suppose 195 = 2*m - 221. What are the prime factors of m/20 + (-2)/5?
2, 5
Let n = -7 - -11. Suppose n*y - 32 = 4*o, -3*y + 0 = -2*o - 21. Suppose 5*h + 4*s = 35, s = h + y - 3. List the prime factors of h.
3
Let o = -23 + 8. Let m be o/(-3) + (-2 - 1). Suppose 3*p + 89 = 5*r, -p + 2*p - m = 0. List the prime factors of r.
19
What are the prime factors of (-21)/6*(-8)/14?
2
Let y = -108 - -266. What are the prime factors of y?
2, 79
Suppose -584 = -0*b - 4*b - 4*l, 0 = 2*b - 2*l - 308. List the prime factors of b.
2, 3, 5
Suppose x = 4*m - 6, -5*x = 5*m - 47 + 202. Let c = 24 - 12. What are the prime factors of (-8)/c + x/(-3)?
2
What are the prime factors of (0 - -1)/(10/1320)?
2, 3, 11
Let t(y) = -29*y - 1. List the prime factors of t(-1).
2, 7
Let n(p) = 7*p + p**2 - 5 + 3 + 0 + 4. List the prime factors of n(-10).
2
Let m = -10 + 15. Suppose u + 2 - 6 = 0, 0 = -m*w + 2*u + 262. List the prime factors of w.
2, 3
Let o be -3*27*2/3. What are the prime factors of 3 + 7/((-21)/o)?
3, 7
Let z(i) = 2*i - 8. Let q(m) = -m + 8. Let n(c) = -4*q(c) - 5*z(c). What are the prime factors of n(-6)?
2, 11
Let v be 4/(-6) + 6/9. Suppose 4*q - 25 + 5 = v. What are the prime factors of q?
5
Let s(z) = 4*z + 1. Let u = 5 - 3. List the prime factors of s(u).
3
Suppose 0 = 2*n - 5*a - 36, a + 54 = 3*n - 2*a. List the prime factors of n.
2, 3
What are the prime factors of ((-150)/50)/((-2)/((-154)/(-3)))?
7, 11
Let w be (2/(-6))/((-1)/9). Suppose -w*f + 84 = f. What are the prime factors of f?
3, 7
Suppose 2*k - 2*s = 108, 2*s = -s - 9. What are the prime factors of k?
3, 17
Let m(y) = 5*y - 1. List the prime factors of m(2).
3
Suppose -4*v + 3 = -5*v. What are the prime factors of 1/(v - (-102)/33)?
11
Let r = 184 + 98. What are the prime factors of r?
2, 3, 47
Let h = 41 - 25. What are the prime factors of h?
2
List the prime factors of 4008/30 - 4/(-10).
2, 67
Let j = -4 + 3. Let o = j + 3. List the prime factors of 0 - 0 - (o - 7).
5
Let p(n) = n**3 + 6*n**2 - 2*n - 9. Let g be p(-6). Let h(u) = 4*u**3 + 0*u - 12 - u**3 - 8*u**2 - 2*u**g + 3*u. List the prime factors of h(8).
2, 3
Suppose -10*p + 5*p + 15 = 0. Let k(w) = w**2 + 2*w + 2. Let l be k(-3). Suppose l*g - p = 2*d + 27, -24 = -4*g + 2*d. What are the prime factors of g?
2, 3
Suppose 3*t - 27 = 2*t. Suppose 3*y + 23 + t = 2*w, 2*y - 101 = -3*w. List the prime factors of w.
31
Let x(o) = 8*o - 2. Suppose -5*n + 30 = 5*t, n - 14 = 2*t - 7*t. Let v be x(t). Suppose 0*y + 5*r = y + v, 59 = 4*y + 3*r. List the prime factors of y.
11
Suppose 2*w - y = 6, 2*y = -4*w - 2*y + 24. List the prime factors of 445/35 - w/(-14).
13
Suppose -3*a + a = 0. Suppose 2*m + 2 - 16 = a. Let f = m + -4. What are the prime factors of f?
3
Let u = -20 + 20. Suppose -d - 5*g + 16 = u, -4*g - 1 = 2*d - 57. List the prime factors of d.
2, 3
Suppose 2*m - 50 = 2. Suppose -65 = -4*p - p + 2*r, 3*r = -2*p + m. List the prime factors of p.
13
What are the prime factors of ((-2)/(-4))/(1196/(-600) - -2)?
3, 5
Let h(d) = d**2 + 6*d + 5. Let p be h(-6). Suppose 0 = -p*b + 63 + 17. List the prime factors of b.
2
Let s = -80 + 114. What are the prime factors of s?
2, 17
Let n be (-1)/(1*3/(-9)). Let f be 38*(3/2)/n. Let b = f - 8. List the prime factors of b.
11
Suppose 3*g - g = 0. Suppose s = -t - 4*s + 27, t - 4*s - 18 = g. What are the prime factors of t?
2, 11
Let z = 70 + -28. What are the prime factors of z?
2, 3, 7
Let u(c) = -3*c**2 - 1 + 2 + 0*c - 2*c + 3 + 2*c**3. What are the prime factors of u(3)?
5
Let u = -10 - -1. Let v = u - -7. What are the prime factors of (-3)/6*48/v?
2, 3
Suppose 10 = -0*a + a. Let h = a - 7. Suppose 8 = h*t - 13. What are the prime factors of t?
7
Let r be (-2)/(-4) + (-15)/6. Let a be (r/(-4))/((-1)/(-14)). Suppose 5 = 5*t, 2*p - 2*t = t + a. What are the prime factors of p?
5
Suppose -y + 0*y - 2 = 0. Let j be (-12)/(6/y) - 1. Suppose j*l + 8 = -c, -3*c = -4*l - 41 - 0. List the prime factors of c.
7
Let y = -7 + 8. List the prime factors of 8 - (1 + (-1)/y).
2
Let p be (21/12)/((-1)/4). Let v(k) = 1 - 8*k**2 - 3*k - k**3 - 5*k - 5. List the prime factors of v(p).
3
Let d = -80 + 152. Suppose 192 = 5*x + d. List the prime factors of x.
2, 3
Let f = 263 + -77. List the prime factors of f.
2, 3, 31
Let p(f) = -f**2 + 13*f + 27. List the prime factors of p(13).
3
Let v be (-44)/2*(-2)/(-4). Let r(c) = c**2 + 9*c - 9. What are the prime factors of r(v)?
13
Let t = -6 - -11. Suppose 2*o - 12 = 2*u, -3*o + 4*u - 36 = -t*o. List the prime factors of o.
2, 5
Let k = -2 + 5. Suppose -k*z = -6 - 54. What are the prime factors of z?
2, 5
Suppose -4*s - h = 5, s + h + 20 = -3*h. Suppose s*m + 11 = m. What are the prime factors of m?
11
Let r(j) = -j**3 + 11*j**2 + 13*j - 11. Let n be r(12). List the prime factors of (n - (-1)/(-1)) + 21.
3, 7
Suppose -2*x + 2*o = 5*o - 219, -2*x + 2*o = -214. What are the prime factors of x?
2, 3
Let w = 4 - 7. Let b = 16 + -9. Let r = w + b. List the prime factors of r.
2
Let i(x) = -329*x**3 - 5*x - 5. What are the prime factors of i(-1)?
7, 47
Suppose 2 = 2*p + 6. Let m be (-5)/p - (-3)/6. List the prime factors of (1*m)/((-3)/(-18)).
2, 3
List the prime factors of 2/(2/(-285)*-5).
3, 19
Suppose 2*r - 304 = 324. What are the prime factors of r?
2, 157
Let n(r) = -r**2 - 24*r - 22. List the prime factors of n(-18).
2, 43
Let o be 12/7*7*1. Let i be ((-10)/(-8))/(3/o). Suppose -19 - 1 = -i*c. List the prime factors of c.
2
Let s(j) = 2*j + 5. Let q be s(0). Let n be 2/5 - 43/(-5). Let c = q + n. List the prime factors of c.
2, 7
Suppose -o = -4*c - 28, o + 164 = 5*o - 3*c. List the prime factors of o.
2, 11
Let i = -62 + 92. What are the prime factors of i?
2, 3, 5
Suppose -76 = -n + 9. List the prime factors of n.
5, 17
Let j be (-45)/(-4) - (-2)/(-8). Suppose 2*s = -3*s - 3*q + 8, -s + 6 = 5*q. Let m = j + s. What are the prime factors of m?
2, 3
Suppose z + 5*j = 58, -2*j + 146 - 4 = 4*z. Let f be 6/(0 + 6/z). What are the prime factors of ((-8)/12)/((-2)/f)?
11
Let b(h) = 7*h - 16. Let m(x) = 13*x - 31. Let l(g) = 11*b(g) - 6*m(g). List the prime factors of l(-8).
2, 3
Let c(v) = v**2 - 4*v - 5. Suppose 6 = 3*g + 15. Let i = 9 + g. What are the prime factors of c(i)?
7
Let p be 9/45 - 249/(-5). List the prime factors of (-526)/(-10) + 20/p.
53
Suppose -u = 3*c - 0*u - 113, 0 = 3*c - 4*u - 133. List the prime factors of c.
3, 13
Let l(n) = -n**2 + n - 3. Let y be l(0). Let i = -1 - y. Let p = i - -1. What are the prime factors of p?
3
Let o = 34 + -6. Suppose -2*t + 11 = -x, 3*x - 4*t + 45 = -2*t. Let g = x + o. List the prime factors of g.
11
Suppose 3*o + 3 = -5*z, 8 = 5*o + 4*z - 0. Let l(y) = y - 2*y - 4*y**3 - o - 2*y**2 + 5*y**3. What are the prime factors of l(3)?
2
Let g(x) = 17*x - 2. Let w be g(2). Let n = -22 + w. List the prime factors of n.
2, 5
Let r = -170 - -410. List the prime factors of r.
2, 3, 5
Let r = 8 + -4. Let h be 2/11 - (-84)/22. Suppose -2*v - r = -f, h*f = v + 4*v + 31. What are the prime factors of f?
2, 7
Let y be 